2 - 4*y - 7. Let a be s(6). Suppose a*l = 3*d - 23, l - 1 = -5. Suppose -3*z = -g + d, 2*g - 16 = -2*g. Let c(r) = 4*r. What is c(z)?
4
Let h(x) = 1. Let y(k) = -4 + 12*k - 3 - 9*k. Let w(c) = -5*h(c) - y(c). Let r be 2/2 - (1 - 2). Determine w(r).
-4
Let x(c) = -c + 1. Let q(h) = -h**3 + 7*h**2 - 5*h + 11. Let o(y) = -q(y) + 5*x(y). What is o(7)?
-6
Let d = 95/12 - 31/4. Let a(m) be the second derivative of 0*m**2 + m + 0 + d*m**3. Calculate a(3).
3
Let i(a) = -a**3 + 5*a**2 - 2*a + 5. Let r be (2 - -2) + (3 - 4). Suppose -r*b + 2 + 1 = 0. Let q be -1 + 3 + b + 2. Determine i(q).
-5
Let q(z) = -1 + 1 + z**3 + 1 - 3*z**2 + 0 - 5*z. Let p(x) = -5*x**3 - x**2 + x + 1. Let f be p(-1). Suppose 10 = f*s - 6. What is q(s)?
-3
Let m(a) = a - 1. Suppose -4*v + 12 + 20 = -3*z, -4*z + 3*v = 45. Let u = 18 + z. Suppose 0 = -4*f + u*f - 6. Give m(f).
2
Let x(v) = v**2 + v - 1. Let j = -47 + 48. What is x(j)?
1
Let h(s) = -s + 2. Let c = -17 - -12. What is h(c)?
7
Let x(o) = o + 7. Let z be x(-6). Suppose -t = -z - 1. Let q(f) = f**3 - f**2 + 1. Calculate q(t).
5
Let a(c) be the third derivative of c**6/24 + c**3/6 - 6*c**2. What is a(1)?
6
Let k(v) be the first derivative of 5*v**2/2 - 4*v - 1. Let b be k(3). Let y(n) = -2*n + 2 - 2 + b*n. Determine y(-1).
-9
Let x(b) = -4*b**2 - b + 4 - 22*b**3 + 5*b + 21*b**3. Determine x(-5).
9
Let d(k) be the first derivative of -k**3/3 - 2*k**2 + 7*k - 1. Determine d(-6).
-5
Let m(f) = f**2 - 14. Let j = -8 - -10. Suppose j*d = -0*d. Determine m(d).
-14
Let h(r) = -r**3 + 7*r**2 - 6*r + 2. Suppose q + 5*g - 3*g = -16, 3*q + 3*g = -39. Let i = q - -16. Determine h(i).
2
Let f(t) be the third derivative of t**4/24 - 7*t**3/6 - 36*t**2. What is f(6)?
-1
Suppose -5*u + 2 = -2*s - 4, -4*u + 4*s = -12. Let f(k) be the second derivative of k**5/20 - k**4/12 - k**3/6 - 2*k**2 - 2*k. Give f(u).
-4
Let t be 6*(-2)/4 + 7. Let n(d) = d**2 - 3*d + 3. Calculate n(t).
7
Let x = -73 + 69. Let c(v) be the second derivative of v**5/60 + v**4/24 - 2*v**3/3 - v**2/2 + v. Let y(k) be the first derivative of c(k). Calculate y(x).
8
Let k(x) = -x**3 + 2*x**2 - 3*x + 4. Let m(g) = 2*g. Let h(u) = k(u) + 3*m(u). Determine h(3).
4
Suppose -5*r = -0*q + 2*q + 7, -4*r - 24 = -3*q. Let b(g) = -g**3 - 4*g**2 - g - 1. Determine b(r).
-7
Let t(z) = 4*z. Let p(a) = 2*a**2 + a - 1. Let s be p(1). Let g be s/(2 + -8)*3. Give t(g).
-4
Let c(l) = l**3 - 9*l**2 - 9*l - 7. Suppose 10 = -f + 3*b + 2*b, 46 = 5*f - b. Determine c(f).
3
Let u(z) be the second derivative of -z**4/12 + 2*z**2 + z. Let j(i) = -i + 10*i**2 - i - 4*i**2 - i**3 + 8. Let x be j(6). What is u(x)?
-12
Let d(r) = 5*r**2 - 7*r**2 - 1 - r + 3*r**2. Suppose -4*z = b + 10 + 7, 3*b = 2*z - 9. Calculate d(z).
11
Let u(q) = -q**2 + 6*q - 7. Let f(g) = -g**3 + 8*g**2 - 5*g - 9. Let v be f(7). Let b be u(v). Let p(h) = -h**2 + 2*h - h**3 + 3 - 2 + 2 - 1. What is p(b)?
2
Let j(s) = -s**3 + 9*s**2 + 6. Let y(c) = c**2. Let g be y(-3). Let x be j(g). Let d(h) = 2*h - 7. What is d(x)?
5
Let t(a) be the second derivative of a**6/120 - a**5/30 - a**4/12 - 2*a**3/3 - 2*a**2 - a. Let m(d) be the first derivative of t(d). What is m(3)?
-1
Let f(k) = -k**2 - k + 2. Let h be f(0). Let m(z) = 5 + 7 + 2*z - 4 - h. What is m(-5)?
-4
Let t(k) be the third derivative of k**7/2520 + k**6/240 + k**5/60 - 3*k**4/8 + 4*k**2. Let r(n) be the second derivative of t(n). What is r(-3)?
2
Let v(x) = x + 1. Let q be v(4). Let w = 8 - q. Let g(c) = 7*c**3 + 3*c - 4 + 5 - 8*c**w. Calculate g(-2).
3
Let h(v) = 2*v**2 + 6*v. Let q(x) = -2*x**2 - 6*x. Let f(b) = 5*h(b) + 6*q(b). Calculate f(-4).
-8
Let r(w) = -3*w**2 + 6 - w**2 - 13*w**3 + 12*w**3 + 3*w + 0*w**2. Suppose 3*f + 0*f + 4*t = -7, -3*f - 19 = -2*t. Give r(f).
16
Suppose 5*a - 23 = 3*r - 5, 5*r = 3*a - 14. Suppose -a + 9 = -2*u. Let h(o) = -o - 2. Give h(u).
1
Let t(z) = z**3 + 7*z**2 - 48*z + 48*z + 5. Let y be t(-7). Let v(o) = o**2 - 5*o - 3. Calculate v(y).
-3
Let d(q) = -2*q**2 - 4*q - 3. Let m(n) = 2*n + 11. Let y be m(-5). Let f be (3/9)/y*-6. Determine d(f).
-3
Let k(q) = q**3 + 4*q**2 + 4*q + 2. Suppose -4*h + 2*x - 18 - 2 = 0, -4*x = 3*h - 7. What is k(h)?
-1
Let d(y) = -1. Let i(f) = f**3 - 3*f**2 + f - 6. Let l(p) = 5*d(p) - i(p). What is l(3)?
-2
Let w(q) = -11*q**3 + 4*q**2 - 2*q. Let n(d) = -5*d**3 + 2*d**2 - d. Let p(c) = -7*n(c) + 3*w(c). What is p(1)?
1
Let x(a) = a**3 + a**2 - a + 4. Let o be ((-4)/(-6))/((-12)/54). Give x(o).
-11
Let v(y) = -y**2 - 4*y + 5. Suppose -4*n + 24 = -4*g, 5 + 11 = -5*g - 2*n. What is v(g)?
5
Suppose k = 2*k + l - 1, -3*k + 8 = 2*l. Let a(h) be the third derivative of h**4/24 - h**3/2 + 4*h**2 - 39. Calculate a(k).
3
Let l(p) be the first derivative of 1/3*p**3 - 1 + 0*p - 2*p**2. Determine l(6).
12
Let w = -10 - -14. Suppose -k - 5 = -w. Let o(g) = -4*g. Determine o(k).
4
Let u(s) be the second derivative of s**6/90 - s**5/120 + s**4/12 + 4*s. Let b(a) be the third derivative of u(a). Give b(1).
7
Let u(y) = y**2 - 11*y**3 - y - 6*y**3 - 11*y**3 + 17*y**3. What is u(1)?
-11
Suppose 0*h - 3*h = -5*y + 6, -2*y + 29 = -5*h. Let b(v) = -v**3 - 7*v**2 - v - 7. What is b(h)?
0
Let t be (-17)/(-6) - 5*(-8)/(-20). Let k(x) be the second derivative of t*x**3 - 2*x + 0 - 2*x**2 + 1/6*x**4. Determine k(-4).
8
Suppose o - 25 = -4*o. Suppose 5 = -o*j + 2*u + 4, -3 = -5*j + 4*u. Let q(m) = -7*m**2 + m. Give q(j).
-8
Let f be 7/(-3) + 6/(-9). Let c(s) = 2*s - 1. Calculate c(f).
-7
Let t(b) = -2*b + 1. Suppose 4*v + 8 = 4*j, -j - 2*j - 15 = 4*v. Determine t(v).
7
Suppose 0*h - 3*h + 12 = 0. Let i(o) = 0*o**3 + h*o**2 - o**3 - 3*o**2. What is i(0)?
0
Let i(o) = -o + 3. Let b(f) = f. Let s(n) = -2*b(n) - i(n). Give s(-5).
2
Let s(o) = o**3 - 5*o**2 - 8*o + 7. Let u be s(6). Let r(t) be the second derivative of t**4/12 + t**3 - t**2/2 + 9*t. Calculate r(u).
-6
Let y(p) = p - 6. Let c(u) = 4*u - 19. Let o(s) = 2*c(s) - 7*y(s). Let a(q) = -q**2 + q + 3. Let j be a(0). Give o(j).
7
Let s(w) be the second derivative of -w**7/315 + w**5/120 + w**4/4 + 3*w. Let t(k) be the third derivative of s(k). Calculate t(1).
-7
Let v(a) = 2*a**2 - 6*a - 1. Let b(i) = -3*i**2 + 12*i + 3. Let p(y) = -3*b(y) - 5*v(y). What is p(-4)?
4
Let h(s) = -18 - s**2 + 22 + 0*s**2 + 2*s. Calculate h(3).
1
Let f(g) = 4*g + 6. Let s(v) = v. Let r(m) = -3*m - 7. Let u(i) = r(i) - 2*s(i). Let h(o) = -6*f(o) - 5*u(o). Give h(2).
1
Let j(z) = z**3 - 6*z**2 + 4*z + 3. Let d be j(5). Let m(k) = k - 2. What is m(d)?
-4
Let s(v) = -v**3 - 2*v + 3. Suppose 3*y + 8 = 7*y. What is s(y)?
-9
Suppose 4*v + 1 = 13. Let n(a) = -2 - a**v + 0*a**2 + 1 + 4*a**2 + 2*a. Calculate n(4).
7
Let b = -10 - -13. Let q(p) = -9*p**2 - 4 - b*p + 2 + 18*p**2 - 8*p**2. What is q(3)?
-2
Let k(w) = w**2 - 8*w + 10. Suppose 5*c + 5*m - 35 = -0*c, 4*c + 3*m = 28. Let r be k(c). Let h(z) = 10*z - 8*z + 1 - 1. Determine h(r).
6
Let m(g) = g - 3. Let q(d) = d**3 + 5*d**2 - 7*d + 7. Suppose v + v = -12. Let c be q(v). Suppose -c - 17 = -5*p. Give m(p).
3
Suppose -4*r + p - 5*p - 4 = 0, -r - 1 = 2*p. Let u(i) = -6*i**2 - i - 2. Calculate u(r).
-7
Suppose -3 = -s + 4. Let c(w) = -w**2 + s - 2*w - 2*w + 8*w. Determine c(6).
-5
Let p(t) = t**3 + 5*t**2 - 4*t + 8. Suppose -9 = s + n, -2*s = -4*s + 4*n. Let y = 0 + s. Determine p(y).
-4
Let j be -4 + 1 + 1 - -6. Suppose -2*o = -i - i - j, -i = -2*o + 6. Suppose -i*p = -1 - 3. Let t(x) = x. Determine t(p).
2
Let o = 7 + -2. Let j(v) = -o + 3*v + 0*v - v + v + v**2. Let k(b) = 2*b + 5. Let z be k(-5). What is j(z)?
5
Let w(t) = 7*t**2 - t**2 - 4*t - t**3 + 5*t + 0*t**2 - 1. Calculate w(6).
5
Let m(a) = 4*a - 13. Let k(h) = -h + 4. Let s(q) = -7*k(q) - 2*m(q). Suppose 0 = -10*w + 5*w. Let y be s(w). Let g(c) = c - 1. What is g(y)?
-3
Let p be 2/9 - 498/54. Let i(a) = -a**3 - 9*a**2 + a + 10. Give i(p).
1
Let l(v) = 12 - 22 + 1 - 6*v + 7*v. Suppose 2*x = 4*x - 10. Determine l(x).
-4
Let g = -19 - -19. Let n(v) = 4*v**3 + v**2 + v + 3. Let s(c) = -7*c**3 - 2*c**2 - 2*c - 5. Let q(m) = 5*n(m) + 3*s(m). Determine q(g).
0
Let k be 7/(-21) + (-8)/(-6) - 2. Let v(h) = 8*h**3 + h**2 + h + 1. Calculate v(k).
-7
Let g(l) = -l**2 - 10*l - 10. Let o be 0 + 5/(-10) + (-13)/2. Give g(o).
11
Let l(x) = x + 0*x + 2 + 2. What is l(-8)?
-4
Let s(h) = h**2 + 10*h + 28. Let d be s